 d*r. Is (3807 - 8/h) + 2 prime?
False
Is -1 + 3 + (50390 - 1) - 4 a composite number?
False
Is -5 - (1 - (11 - 2)) - -266218 a prime number?
True
Suppose -2*u + n + 101 = -3*u, -5*u + 4*n = 496. Let k = -82 - u. Let y(a) = -a**3 + 22*a**2 - 27*a - 11. Is y(k) composite?
True
Let k be (75/10 + 1)*610/1. Suppose 2*w - d - k - 276 = 0, 3*w + 4*d - 8208 = 0. Suppose -824 - w = -4*a. Is a composite?
True
Suppose 11*x - 16 = 7*x. Suppose 13*k - x*k - 24957 = 0. Is k a prime number?
False
Suppose -53*k = -55*k - 1084. Let q = -3420 - k. Is q/(-2)*(-2)/(-2) composite?
False
Let l(d) = d**2 + 3*d + 2. Let v be l(-3). Let b be (-2)/(-2) - (v + -4 + 0). Is (b*4/30)/((-4)/(-3460)) composite?
True
Let i(n) = 35*n**2 - 16*n + 36. Let f(q) = q**2 - 2*q - 1. Let m(c) = -3*f(c) + i(c). Is m(4) composite?
True
Let b(d) = 89*d + 5110. Let w be b(-81). Suppose 0*m + m + 3*o + 294 = 0, 0 = 4*o + 12. Let t = m - w. Is t composite?
True
Suppose 55985800 = 105*l - 16823351 + 1389936. Is l prime?
False
Let a be ((-11)/(176/36))/(3/(-4)). Suppose 3*g - 2*d - 23083 = 0, -4*g - a*d - 3947 = -34696. Is g a composite number?
False
Suppose 2*n - 3722096 = 5*j, -336*n = -331*n - j - 9305171. Is n prime?
True
Let w = -64 + 66. Suppose -3*z + 0*z = y - 105, -w*y - 4*z + 202 = 0. Let m = 176 + y. Is m a prime number?
True
Let j(l) = 572105*l**2 - 39*l + 21. Is j(1) composite?
False
Let b(p) = -p**3 + 18*p**2 - 18*p + 19. Let z be b(17). Suppose -y = -z - 58. Suppose -y*q + 61*q - 79 = 0. Is q a prime number?
True
Let a(c) = -9*c**3 - 2*c**2 - 9*c + 14. Let k be a(-5). Let s = k - 499. Is s composite?
True
Is (84/(-20))/((-135)/4396725) a composite number?
True
Let z(q) = 542*q**3 + 6*q - 6. Let w(n) = n**3 + n**2 - n - 1. Let c(l) = -w(l) + z(l). Is c(1) a composite number?
True
Let w(t) = t**3 - 13*t**2 + 29*t + 6. Let q be w(12). Is (2/3)/(q/1246455) a composite number?
True
Suppose 10*c - 33*c - 23 = 0. Is c + (486 - (-9 - -5)) prime?
False
Suppose 8*l - 3 = -r + 7*l, -5 = 5*l. Suppose r*z = -3*x + 4427, x = -0*x - 3*z + 1469. Is x composite?
False
Let t(v) = 339*v**2 + 52*v - 235. Is t(6) a composite number?
False
Suppose -16*w - 186 = 198. Let k(z) = -2*z**2 - 57*z - 11. Is k(w) a prime number?
False
Is -5227*(6 + (1012/(-66))/(6/9)) a prime number?
False
Let u = 4541 - 908. Suppose -6*t - t + u = 0. Let a = 1232 - t. Is a a composite number?
True
Let l = -347 - -134. Let r(w) = -2*w - 404. Let f be r(0). Let b = l - f. Is b a composite number?
False
Suppose -282*g = -110600667 - 66668799 + 2052432. Is g prime?
True
Let l(w) = 143*w**2 + 51*w + 31. Let x(c) = 142*c**2 + 44*c + 31. Let v(n) = -6*l(n) + 7*x(n). Is v(-9) a prime number?
False
Suppose 2*u = a + 17284, -u + 6682 + 1961 = -a. Is u composite?
False
Let o be 2844/(-54) + ((-1)/3 - 0). Let s = -49 - o. Suppose -11*i + 623 = -s*i. Is i prime?
True
Let o = -44276 - -387825. Is o prime?
False
Let a be (27/(-81))/((-1)/15). Suppose -a*b = 0, -4*j + 56828 = -0*j + 2*b. Is j a composite number?
False
Let w(m) = m + 12. Let j be w(-7). Let d be 1 + (4 - j) - -11. Suppose 16*y - 5045 = d*y. Is y composite?
False
Is 826047 + (-800)/32 + 4/((-8)/6) prime?
True
Let q(p) = -p - 2. Let v(o) = 134*o + 203. Let c(t) = -3*q(t) - v(t). Is c(-18) a prime number?
True
Suppose -22*p - 10544 = -24*p. Suppose -3*w - 2*l + 1440 = -p, -4*l - 4448 = -2*w. Is (w/3)/(2/3) composite?
False
Let r be 3 - (-3)/4*-4. Let a(t) = t**3 + 4*t + 587. Is a(r) prime?
True
Let p(i) = 432*i**2 + 70*i - 221. Let o be p(4). Let y be ((-3)/2)/(15/39760). Let c = y + o. Is c prime?
False
Let h(o) = -5*o**2 - 6. Let a be h(3). Let x = a - -57. Suppose 0 = -3*g - 15, 9*t + 4*g - 6643 = x*t. Is t prime?
True
Let u(l) = -l**3 + 43*l**2 - 64*l - 82. Let f be u(37). Let a = f - -889. Is a a prime number?
True
Let q = 13915 - -4824. Is q a prime number?
False
Let o = -32 + 35. Suppose b + z = o, z - 6 = b + b. Is b + 1894 + (9/(-3) - -3) a prime number?
False
Let y = -32 - -35. Suppose 0 = -y*u - 3, 2*a - 2*u - 153 = 255. Suppose 1163 = 2*x - a. Is x a composite number?
False
Let s be 1/(12/(-8)) - (-17)/3. Suppose 3*c = -0*p - s*p - 16938, 5*c = -4*p - 13540. Let q = 4751 + p. Is q composite?
False
Let g = 5 - 3. Let k be (2/6)/(74/56166). Suppose -w - 909 - k = -g*h, 3*h - 2*w - 1741 = 0. Is h prime?
False
Let v(x) = 1262*x**2 + 4*x + 3. Let r be v(-1). Let c = r + -170. Is c a prime number?
True
Let s(t) = 35 - 37*t - 13*t - 19*t + 132. Is s(-28) a composite number?
False
Suppose -43*a + 114 = -5*a. Suppose -a*s = -1340 - 7198. Is s prime?
False
Is 21 + -4 + -2 + 1283144 a prime number?
True
Suppose -4*g + 289072 = 4*r, -r - 110764 - 106044 = -3*g. Is g a composite number?
False
Suppose 0 = 3*u - 5*u - 4*y + 10682, -4*u + 4*y = -21424. Is u a composite number?
False
Is (-30)/(-5 - 1) + (548301 - 7) a prime number?
False
Let b(y) = 13*y**3 - 2*y**2 + 5*y. Let u be b(2). Suppose 4*m - u = 2*v - 900, 0 = -3*m + 3*v - 594. Is -1*((-4 - -4) + m) a prime number?
True
Let t(g) = 1138*g - 987. Is t(3) a composite number?
True
Let p be 3/((-39)/12 + 4) + -3. Let o be (p + (-6)/3)*0. Suppose o = 3*x + 3*x - 4218. Is x a composite number?
True
Let x(c) = -c**3 - 30*c**2 - 14*c - 1. Let m be x(-11). Let j = -1169 - m. Is j prime?
True
Suppose -4*v = -8*v + 4*j + 28, 5*v = 2*j + 32. Suppose -v*a = 5*a - 33. Suppose -a*x + 2564 = 5*w, -3359 = -5*w - 4*x - 792. Is w prime?
False
Suppose 22*x = 30*x. Suppose 3*r = h + 2089, -r + 3*h + 972 - 273 = x. Let q = -359 + r. Is q a composite number?
False
Suppose 3*z = -6, 0 = -4*x + 5*x - 3*z - 81317. Is x a composite number?
True
Let j = -19479 + 32764. Suppose -54*g + 85 = -2183. Suppose j = -37*k + g*k. Is k prime?
True
Suppose 4 = -r + 6. Let u = 1602 - 282. Suppose 0 = -2*w - 2*d + u + 496, 4*w - 3650 = r*d. Is w a prime number?
True
Is 4778811/13 - 2*17/(-221) a prime number?
False
Suppose 5*o + 4*j = 4270495, 3*o - j = 342221 + 2220093. Is o prime?
False
Let d = -7196 - -2638. Let y = -1787 - d. Suppose 5*j - 10372 = -2*p - y, -p + 3807 = -4*j. Is p prime?
True
Let a be ((-8)/1)/(-3 + 1). Suppose -a*y + 255 = -625. Let k = y + -134. Is k a prime number?
False
Let v = 540 - -5639. Is v composite?
True
Let b = -2 + -11. Let w be 7053*(-3)/(-117) - 2/b. Suppose 0 = 3*c + 4*k - w, -2*c + 71 = -4*k - 43. Is c composite?
False
Let t be 2 + -1 - 2*3. Let b = -10 - t. Let c(r) = -6*r**3 + 5*r**2 + 4*r + 4. Is c(b) a composite number?
False
Suppose -2*v = 3*l - 22 + 2, v - 1 = 0. Suppose m - 3512 = -s, s + 4*m - l*m - 3509 = 0. Is s a composite number?
False
Let g = 27928 + 88921. Is g a prime number?
True
Suppose 64444*w = 64421*w + 46394059. Is w a prime number?
True
Let f = -26 - -14. Let c be (-11155)/4 + (-9)/f. Let h = -1407 - c. Is h a prime number?
True
Let u = 692 + 1230. Suppose 11*l + u = 12*l - 3*g, 7718 = 4*l - 2*g. Is l prime?
True
Let k(t) = -26966*t - 1389. Is k(-11) prime?
True
Let v = -12 + 27. Suppose -4*t + 132 = 3*i, 5*t - 256 = i - 72. Let b = t - v. Is b composite?
True
Is (-214201088)/(-180) - (-250)/(-5625) composite?
True
Suppose 4*m + 39*v = 42*v + 6, 5*m = 5*v + 10. Let f(c) = -c + 3205. Is f(m) composite?
True
Suppose 0*z - 10992 = -8*z. Let o = z + 283. Is o prime?
True
Let m be 102/4*(50/15 - 2). Suppose 0 = d + m + 13. Let f = d + 94. Is f prime?
True
Let b = -444 - -535. Suppose 0 = 2*s - b - 4035. Is s a composite number?
False
Suppose -3*w - 39*a + 13278 = -36*a, 0 = -2*w - 3*a + 8857. Is w a prime number?
True
Suppose 33*r - 96621 = -30126. Suppose -5*y + 8*y = -p + 685, 3*p - r = y. Is p prime?
True
Let d be ((-60)/(-36) + (-2)/(-6))/1. Let i be d/3 + 2024/(-12). Let c = 257 + i. Is c a composite number?
False
Suppose -2*n + 4*n + 758 = 0. Let g = n + -301. Let l = g - -1201. Is l composite?
False
Suppose -1744193 = -r - 2*z + 2260662, 5*r - 20024317 = -3*z. Is r a prime number?
True
Suppose 0 = 2*g + 36 - 0. Let k(q) = -7*q**2 - 31*q + 14. Let x(r) = 4*r**2 + 16*r - 7. Let l(y) = -3*k(y) - 5*x(y). Is l(g) a prime number?
True
Suppose 639*i + 866264 = 643*i. Suppose 30*u - 16*u - i = 0. Is u a prime number?
False
Suppose p - 4*d - 47 = 0, p + d - 76 = -2*p. Suppose p*u = 153485 - 4742. Is u prime?
False
Suppose -123*o + 130*o = 1036. Suppose 0 = 154*p - o*p - 28506. Is p a prime number?
True
Let